 w - 5*w, 3*x - 3*w = 57. Suppose -2*s + 2*l + 24 = 0, s - 6*l - x = -l. What is the units digit of s?
9
Suppose 3*j = -j + 8. Suppose -j = -i + 9. What is the tens digit of i?
1
What is the tens digit of (2 - (4 - 1))*(-52 - -1)?
5
Let z be (7 - 5)*1/1. Suppose -6 - z = -m. What is the units digit of m?
8
Let d(f) = -4*f - 11. Let g be d(-3). Let c(p) = p + 6. Let b be c(-3). Suppose -b*y - g + 52 = 3*k, 5*k - 40 = -2*y. What is the tens digit of y?
1
Suppose 0*j - 25 = 5*j. Let t(q) = -q**3 - 5*q**2 - 4*q - 4. What is the tens digit of t(j)?
1
Suppose 4*m - 13 = -1. Suppose m*j - v = 28, -7 = -j - v + 1. Suppose 4*l + j = 29. What is the units digit of l?
5
Let f(j) be the third derivative of -j**5/60 + 3*j**4/8 - 5*j**3/6 - 24*j**2. Let q(z) = z**2 + 2*z + 3. Let c be q(-3). What is the units digit of f(c)?
3
Suppose 4*u + 323 = -4*t + 859, 3*u - 5*t = 386. Let a be 4/14 + u/28. Suppose h = -5*g + 2*g + 14, a*h - 16 = 3*g. What is the units digit of g?
3
Let h(c) = 3*c**2 + 2*c + 1. Let d be 1/(-1 + 0/3). Let s be h(d). What is the units digit of ((-7)/((-21)/30))/s?
5
Suppose -u - 28 = -3*u. What is the tens digit of u?
1
Let j(i) be the first derivative of -i**4/4 - i**3 + 2*i**2 + 5*i - 3. Let y be j(-4). Suppose y*p - 12 = 2*p. What is the units digit of p?
4
Let c(v) = -3*v**3 - v**2 - v. Let x = -18 - -17. What is the units digit of c(x)?
3
Suppose 0 = -r + 5*r. Suppose -29 = 4*v + 5*g, -2*g = 4*v - r*g + 14. What is the units digit of (-1)/(v/9*1)?
9
Let p = -10 + 21. Let t(q) = q**2 + q - 5. Let x be t(-4). Let a = p - x. What is the units digit of a?
4
Suppose -3*z + 4 = -2. Let c(d) = -d**2 - d - d**2 + 4*d**z + 3. What is the units digit of c(3)?
8
Let n = 5 + -7. Let g = n - -4. Suppose -5*s - 3*l = -97, -g*l - l - 3 = 0. What is the tens digit of s?
2
Suppose 6*i = i - 5. Let d = i + 2. What is the units digit of d?
1
Let g(k) = -k + 13. What is the units digit of g(7)?
6
Let v(c) = -c + 6. Let d = 3 - -3. Let w be v(d). Suppose w = -2*f + 4 + 4. What is the units digit of f?
4
What is the tens digit of (-4)/(-3)*177/2?
1
Let f = -49 + 139. What is the tens digit of f?
9
Let m(q) = -8*q + 24. What is the units digit of m(-7)?
0
Let n(z) = z**3 + 7*z**2 - 7*z + 8. Let p be n(-8). Suppose -2*r + 20 = 2*v, 2*r + v - 13 - 10 = p. Suppose -r - 7 = -4*o. What is the units digit of o?
5
Let m(l) = l**2 + 3*l - 6. Let k be m(-5). Suppose 2*z - k*d = -0*d, 5*d - 5 = 0. What is the units digit of z?
2
Suppose -3 = -3*t + 2*m, 0*m - 6 = 2*m. Let h = 3 + t. What is the units digit of h?
2
What is the tens digit of 2 + (448 - (1 - (0 - -4)))?
5
Let b(h) = h**3 - 5*h**2 - 2*h + 6. Let o be b(5). What is the units digit of 26/o*(3 + -7)?
6
Let n(x) = 4*x + 13. What is the units digit of n(-2)?
5
What is the hundreds digit of -1 - 3014/(-14) - 70/245?
2
Let k(m) = m**2 - 11*m + 23. Let t be k(10). Let s be (-4)/(-6) + 28/3. Suppose 3*n - s = n, x = -2*n + t. What is the units digit of x?
3
Suppose -78 = -4*y + y. Suppose -t + y = t. What is the units digit of t?
3
What is the units digit of -2 + 28*4 - 4?
6
Suppose 8*h - 4*h - 16 = 0. Suppose 46 = h*q + 2. What is the units digit of q?
1
Let g(y) = -y**3 + 13*y**2 + 2*y + 7. What is the tens digit of g(13)?
3
Let j be (3/(-1) + 3)/2. Suppose 3*n - 3 - 9 = j, -n = 4*f - 76. What is the tens digit of f?
1
Suppose -113 = 5*i - f, 3*i + 2*f = -93 + 20. Let w = i - -56. What is the units digit of w?
3
Let h be (-5 + 3)*-5*1. What is the units digit of 6/(-15) - (-84)/h?
8
What is the units digit of ((-2 + 0)/(-2))/((-11)/(-44))?
4
Let v(d) = -14*d - 1. What is the tens digit of v(-1)?
1
Suppose -4*g = -0*g - 24. Suppose 3*v + 21 = 3*l + g*v, 4*v + 44 = 2*l. What is the tens digit of l?
1
Let c(w) = 4*w**3 - 2*w**2 + 4*w - 3. Let b be c(2). Let u = 7 - b. Let i = -16 - u. What is the units digit of i?
6
Let v be 34/12 - (-6)/36. Suppose -s = 4*s - 5*j - 100, -v*j + 60 = 3*s. What is the units digit of s?
0
Let q = -52 - -55. What is the units digit of q?
3
Suppose -2*t = 5*d - 3*d - 62, -5*t = d - 31. What is the tens digit of d?
3
Let x(y) = y**3 + 5*y**2 - 7*y + 6. Let n be x(-6). Let l be ((-6)/n)/(2/(-20)). What is the units digit of 2/4 - l/(-2)?
3
Let x(q) = 2*q. What is the units digit of x(1)?
2
Suppose 0 = -3*j + 3. Let u be (2 - j) + 4/(-2). Let r = 1 - u. What is the units digit of r?
2
Suppose d + s + 3 = 0, 0*d + 2*s + 16 = 3*d. Suppose 3*j = -0*j + 4*q + 10, -d*j = -4*q. What is the units digit of j?
0
What is the hundreds digit of 3398/18 + (-112)/(-18) + -6?
1
Let h = -78 - -218. What is the tens digit of h?
4
Let s = -5 + 5. Suppose s + 11 = l. What is the tens digit of l?
1
Let i(z) = 2*z**2 - 2 - 5*z**3 + 3*z**3 + 2*z + 8. Let h(o) = -o**3 + 3*o**2 + 3*o + 5. Let d(b) = -3*h(b) + 2*i(b). What is the units digit of d(-4)?
1
Let z = -105 - -222. What is the tens digit of z?
1
Suppose -2*i + 5*h = 8, i - h = -2*i + 1. What is the units digit of ((-6)/i)/2 + 22?
9
What is the tens digit of 0 + 127 - (-1 + 6)?
2
What is the tens digit of 66/15*(-5)/(-2)?
1
Suppose 15*f - 224 = 13*f. What is the tens digit of f?
1
What is the tens digit of -100*(-5)/((-100)/(-16))?
8
Let z(u) = -9*u - 2. Let j(y) = -y**2 - 2. Suppose i = -3*i. Let d be j(i). What is the units digit of z(d)?
6
Let p(v) = -3*v + 7. Let q(k) = -k**3 - k**2 + k - 5. Let h be q(0). What is the tens digit of p(h)?
2
Suppose -2*n + 45 = 3*w, -4*w + 60 = n - 6*n. Let k = -11 + w. Suppose -k*p = 2 - 6. What is the units digit of p?
1
Let k be 3/(-15) + 29/(-5). Let a(v) = -v**3 - 7*v**2 - 9*v - 2. What is the units digit of a(k)?
6
Let h(q) = q**3 - 6*q**2 - 5*q + 9. What is the units digit of h(7)?
3
Let a be 6/12*1*10. Suppose 0 = -6*c + a*c + 11. Suppose c = -2*z + 3*g, -4*z - 4*g + 14 + 14 = 0. What is the units digit of z?
2
Suppose -2 = 5*k + 3*t + 17, -4 = -4*k + 4*t. Let p = 2 + k. Suppose 40 = 4*z - 2*a, 2*a + p = -4. What is the units digit of z?
9
Let b(i) = 5*i - 5. What is the tens digit of b(8)?
3
Let b(v) = 2*v**3 + 1 + v - 7*v**3 - v**2 + 2*v**3. What is the units digit of b(-1)?
2
Let y = 12 + -11. Let s = 7 + y. What is the units digit of s?
8
Let q = 173 + 26. What is the units digit of q?
9
Let u(j) = j**3 + 6*j**2 - 2*j + 5. Let h be u(-6). Suppose 5*a + 38 = 2*o, -2*a - h = -2*o + 21. What is the units digit of o?
9
Let z = 11 - 7. Suppose -z*h - 24 = -3*t - t, -h - 11 = 4*t. What is the units digit of ((-1)/(-3))/(h/(-231))?
1
Let j be ((-16)/(-10))/((-14)/(-35)). Suppose 0 = 2*v - 3*n + j, n - 15 - 1 = -3*v. What is the units digit of v?
4
Let n be ((-1)/(-2))/((-4)/344). Let u = n + 67. What is the tens digit of u?
2
Let i(w) = 2*w**2 + 12*w + 7. Let u be i(-6). Let d = 2 + u. What is the units digit of d?
9
Suppose 5 + 1 = 2*i. What is the units digit of i?
3
Suppose 3*k + 5*d = 62, 4*k - 36 = -4*d + 9*d. Let g = k - 12. What is the units digit of g?
2
Let s(g) = -g**3 + 6*g**2 - 6*g + 1. Let b be s(5). Let m(i) = -i + 4. What is the units digit of m(b)?
8
Suppose 0 = d - 5, -5*z + d = 2*d - 595. What is the tens digit of z?
1
Suppose -2*y + 0*r = -4*r - 156, 3*y - 238 = 4*r. Suppose -p = -3*t + y, 4*t - 3*p - 106 = -0*t. What is the tens digit of t?
2
Let m(l) = 2*l - 5. Let y be m(5). Suppose -3*d = h, 2*h + 1 + 10 = 5*d. What is the units digit of y + ((-6)/h - 2)?
5
Let v(d) be the third derivative of -d**6/120 + d**5/5 + 2*d**4/3 + 13*d**3/6 + d**2. What is the tens digit of v(13)?
5
Let b = 14 + 8. Suppose 3*h + b = 118. What is the tens digit of h?
3
Suppose -5*r = 4*y - 150, 2*y = -y. What is the tens digit of r?
3
Suppose -h = 4*n - 8, 6*n - 3*n = 2*h + 6. Suppose -5*l + 3*k + 10 + 32 = h, -2*l = -2*k - 20. What is the units digit of l?
6
What is the units digit of (9/(-6))/((-24)/160)?
0
What is the tens digit of -7 - -4 - (1 - 46)?
4
Let w be (-1)/2*1*-18. Let p = -8 + w. Let r = 8 - p. What is the units digit of r?
7
Let f = 22 + -16. What is the units digit of f?
6
Suppose -2*g = -2 - 2. Suppose -g - 3 = -b. What is the units digit of b?
5
Let n = 124 - 83. What is the tens digit of n?
4
Suppose 2*q = -3*q + 25. Suppose v + 4*v - y = 8, -5*y = -q*v. What is the units digit of v - (-2 - (3 - -2))?
9
Let z be 1640/55 - 2/(-11). Suppose 0*j + j - z = 0. What is the tens digit of j?
3
Supp